3208 a multiple of 88?
True
Is 275 a factor of 65732700?
True
Is 367729817 a multiple of 91?
True
Is 18 a factor of 132543753?
False
Does 263 divide 790866248?
True
Is 521116074 a multiple of 158?
True
Is 151514868 a multiple of 1134?
False
Is 6 a factor of 81936509?
False
Is 129 a factor of 9236498?
False
Is 147219225 a multiple of 2995?
True
Is 37 a factor of 336717094?
True
Is 66423557 a multiple of 1645?
False
Is 5 a factor of 5749977?
False
Is 1229 a factor of 64560599?
True
Is 181 a factor of 3174559?
True
Does 43 divide 20480040?
True
Is 2 a factor of 4363933?
False
Is 35819949 a multiple of 3?
True
Is 11 a factor of 38884835?
True
Is 214658985 a multiple of 15?
True
Is 94639908 a multiple of 363?
True
Is 11 a factor of 100698579?
False
Does 17 divide 266997042?
False
Is 314 a factor of 351860448?
False
Does 272 divide 621129408?
True
Does 739 divide 13004687?
False
Does 679 divide 1726864249?
False
Is 15929828 a multiple of 3?
False
Does 11 divide 37720763?
False
Is 6 a factor of 563786651?
False
Is 152 a factor of 26568714?
False
Is 8540284 a multiple of 302?
False
Is 1016441979 a multiple of 6761?
True
Is 244023500 a multiple of 3955?
True
Is 4961234310 a multiple of 366?
True
Is 1078287938 a multiple of 169?
True
Is 156 a factor of 301154747?
False
Is 30663421 a multiple of 742?
False
Is 530880 a multiple of 16?
True
Does 2082 divide 1393014902?
False
Is 1885989834 a multiple of 751?
False
Is 32118708 a multiple of 447?
False
Is 3 a factor of 1414545113?
False
Does 223 divide 350376053?
False
Is 1126901422 a multiple of 47?
True
Is 438 a factor of 184837049?
False
Is 8584534 a multiple of 7?
True
Is 29495542 a multiple of 1024?
False
Is 706 a factor of 36733886?
True
Is 58 a factor of 784321994?
True
Does 263 divide 3274307956?
False
Does 580 divide 3145340?
True
Does 39 divide 14394939?
True
Does 3101 divide 2062589837?
True
Is 109924117 a multiple of 377?
False
Is 2428008 a multiple of 5?
False
Does 171 divide 13372181?
False
Is 146 a factor of 1525730806?
True
Does 39 divide 410143181?
False
Is 370561814 a multiple of 7?
True
Is 1688 a factor of 327382845?
False
Does 20 divide 38517380?
True
Is 946 a factor of 308612094?
False
Is 1254 a factor of 763215138?
False
Is 6937883 a multiple of 90?
False
Is 87 a factor of 185163348?
False
Is 456 a factor of 1184431888?
False
Does 6983 divide 1767918104?
False
Does 6702 divide 3774071427?
False
Is 57 a factor of 1026682404?
True
Is 158118646 a multiple of 51?
False
Does 833 divide 3314068009?
True
Is 5836945 a multiple of 5?
True
Is 75 a factor of 38816175?
True
Does 13 divide 172726190?
True
Does 2 divide 2934990?
True
Is 335156360 a multiple of 346?
True
Does 6 divide 30617649?
False
Is 22 a factor of 96903428?
False
Is 51977020 a multiple of 5?
True
Does 2730 divide 1001910?
True
Is 53 a factor of 135785735?
True
Is 49340088 a multiple of 1317?
True
Does 1303 divide 64263960?
True
Is 7 a factor of 5687129?
True
Is 12664646 a multiple of 2206?
True
Does 131 divide 6263445?
False
Does 6 divide 79198206?
True
Does 655 divide 9685308?
False
Does 322 divide 12512920?
True
Does 258 divide 223026294?
True
Does 1000 divide 2624000?
True
Does 15 divide 55442730?
True
Is 94202372 a multiple of 68?
True
Is 17005094 a multiple of 206?
True
Does 1539 divide 29821351?
False
Does 7 divide 19423569?
False
Is 259 a factor of 3470896704?
False
Is 15 a factor of 677503935?
True
Is 38523895 a multiple of 4?
False
Does 107 divide 43137943?
False
Does 32 divide 243220082?
False
Is 39504619 a multiple of 10?
False
Does 595 divide 183825845?
True
Is 4315 a factor of 1432145401?
False
Does 32 divide 23030727?
False
Does 12 divide 1975870?
False
Is 50 a factor of 9971451?
False
Is 14 a factor of 317772?
True
Is 1561551000 a multiple of 20?
True
Does 682 divide 13986456?
True
Does 21 divide 4761876?
True
Does 7 divide 27190832?
False
Is 4906 a factor of 1322937242?
True
Is 6 a factor of 232961802?
True
Does 2188 divide 176696316?
True
Does 529 divide 999905749?
True
Is 2225 a factor of 82442268?
False
Is 203 a factor of 123787776?
True
Is 357 a factor of 100755396?
True
Is 47664041 a multiple of 33?
False
Does 9585 divide 786291096?
False
Is 32208900 a multiple of 20?
True
Is 42392476 a multiple of 192?
False
Is 124 a factor of 965056?
False
Is 85 a factor of 2044153780?
True
Is 50 a factor of 15006750?
True
Does 20 divide 1241972605?
False
Does 115 divide 140507342?
False
Does 123 divide 19377912?
True
Is 534351096 a multiple of 362?
True
Is 4469595 a multiple of 5?
True
Is 1119 a factor of 165439683?
False
Is 367374533 a multiple of 9?
False
Does 20 divide 7355320?
True
Does 1022 divide 19190698?
False
Is 38 a factor of 837047119?
False
Does 511 divide 250071156?
False
Does 17 divide 13161502?
True
Is 5 a factor of 178689150?
True
Is 384 a factor of 279415680?
True
Does 15733 divide 1072945455?
False
Is 405446809 a multiple of 918?
False
Does 848 divide 623133296?
True
Is 1769179377 a multiple of 1803?
False
Is 77 a factor of 3823382?
False
Is 11675820 a multiple of 60?
True
Does 219 divide 136804044?
True
Is 122 a factor of 1019289?
False
Does 3 divide 772338601?
False
Is 13635971 a multiple of 1213?
False
Is 1553772690 a multiple of 8709?
True
Is 9067514 a multiple of 211?
True
Is 50424893 a multiple of 201?
False
Is 71577909 a multiple of 67?
True
Is 7836503 a multiple of 445?
False
Is 15 a factor of 165806535?
True
Is 33 a factor of 14894913?
True
Is 12 a factor of 606592476?
True
Is 14729679 a multiple of 21?
False
Does 8 divide 13830265?
False
Is 3144846630 a multiple of 10?
True
Does 101 divide 18627531?
True
Does 14 divide 696447080?
True
Is 1119 a factor of 841734180?
True
Is 146600360 a multiple of 10?
True
Is 55270772 a multiple of 516?
False
Does 77 divide 871225302?
False
Is 34425 a multiple of 3?
True
Is 4 a factor of 6305184?
True
Is 77236040 a multiple of 76?
False
Is 20 a factor of 745537840?
True
Does 6 divide 2655653?
False
Is 127 a factor of 6705092?
True
Is 36 a factor of 234864?
True
Is 5409458 a multiple of 1681?
True
Is 507546851 a multiple of 298?
False
Is 7206732 a multiple of 351?
True
Does 12 divide 9232728?
True
Is 1457164212 a multiple of 4011?
True
Is 1163 a factor of 294935637?
True
Is 3404 a factor of 1408748804?
True
Is 244592464 a multiple of 3839?
False
Is 80918465 a multiple of 54?
False
Does 14 divide 276569222?
False
Is 5872405836 a multiple of 11?
True
Is 45291040 a multiple of 464?
True
Is 17 a factor of 299522682?
False
Does 1011 divide 1718356616?
False
Is 1910330687 a multiple of 1344?
False
Is 63439973 a multiple of 11?
False
Does 58 divide 706971570?
True
Is 154 a factor of 39918648?
True
Does 3389 divide 965329538?
True
Is 427 a factor of 267207454?
False
Is 1595651 a multiple of 22?
False
Does 324 divide 133104060?
True
Is 2311869884 a multiple of 2184?
False
Is 708500271 a multiple of 47?
False
Is 183327192 a multiple of 108?
True
Does 746 divide 12217517?
False
Is 89677875 a multiple of 269?
True
Is 821 a factor of 652767248?
True
Does 23 divide 2087231968?
True
Is 3425744709 a multiple of 60?
False
Is 918 a factor of 2353357260?
True
Is 42196591 a multiple of 19?
False
Does 18 divide 72070614?
True
Is 5387144 even?
True
Is 38 a factor of 395428477?
False
Is 124 a factor of 6748648?
False
Is 128 a factor of 1477732821?
False
Is 65348032 a multiple of 113?
False
Does 30 divide 84510?
True
Does 239 divide 39068291?
False
Is 120206255 a multiple of 121?
False
Does 2774 divide 7149014?
False
Is 10879575 a multiple of 69?
True
Is 30 a factor of 64879582?
False
Is 3045812760 a multiple of 13?
False
Does 237 divide 47181026?
False
Does 94 divide 2392637323?
False
Is 1995 a factor of 140645805?
False
Is 614171132 a multiple of 8?
False
Is 2523310614 a multiple of 1770?
False
Is 1478745291 a multiple of 5053?
True
Does 628 divide 74606400?
True
Is 20 a factor of 1368140?
True
Is 7 a factor of 88957027?
False
Does 37 divide 31539654?
False
Is 4706112 a multiple of 2675?
False
Is 863314751 a multiple of 6194?
False
Is 5339190 a multiple of 29?
True
Is 2641092 a multiple of 381?
True
Is 308720544 a multiple of 22?
True
Is 755 a factor of 7180434807?
False
Is 481 a factor of 477706593?
True
Is 121 a factor of 3766013?
False
Is 2470 a factor of 213832904?
False
Is 2344